 1000 + -211?
123
In base 9, what is -5 - 131502?
-131507
In base 15, what is 4b0 + -79?
436
In base 6, what is -1312121 + 5?
-1312112
In base 5, what is 10 - 4202?
-4142
In base 13, what is -198 + -45a?
-625
In base 4, what is -22001 + 212111?
130110
In base 13, what is 16388 + 3?
1638b
In base 4, what is -3111022 + -30?
-3111112
In base 16, what is 13c0 + b?
13cb
In base 13, what is -947c15 - 2?
-947c17
In base 5, what is 200 - 320?
-120
In base 8, what is 1342 + -1120?
222
In base 11, what is a + -30a7?
-3098
In base 13, what is -2 + -10847?
-10849
In base 2, what is 10 + -1000101100111010100?
-1000101100111010010
In base 14, what is -22 - -35c?
33a
In base 8, what is 120422 - 5?
120415
In base 6, what is 4 + -114212?
-114204
In base 9, what is 3 + 186704?
186707
In base 9, what is -25 - -1773?
1747
In base 3, what is -110110 - -20102001?
12221121
In base 7, what is -45106 + -466?
-45605
In base 10, what is -5388 + 174?
-5214
In base 12, what is -2 - -32138?
32136
In base 10, what is -4 + -224912?
-224916
In base 10, what is 683 - 18?
665
In base 8, what is -31 - 510?
-541
In base 13, what is -9 + 2894?
2888
In base 15, what is 3d + -13a?
-ec
In base 16, what is -b + 327e?
3273
In base 7, what is -140026 - -41?
-136655
In base 11, what is 5 + -8531?
-8527
In base 5, what is 204 + -143112?
-142403
In base 12, what is 2 + -8611?
-860b
In base 4, what is 23 - 10301021?
-10300332
In base 13, what is -21a + ab?
-13c
In base 15, what is 24 + -382?
-35d
In base 5, what is -23 + -2414230?
-2414303
In base 3, what is -10102000000 + -11?
-10102000011
In base 9, what is -102382 - -7?
-102374
In base 5, what is 4 - 21100122?
-21100113
In base 9, what is 311308 - -3?
311312
In base 7, what is 1262 + 1436?
3031
In base 10, what is 42 - -727?
769
In base 14, what is -3d + -296d?
-29ac
In base 11, what is -20300 - 2?
-20302
In base 7, what is 543 + 2142?
3015
In base 5, what is -43003020 + -101?
-43003121
In base 14, what is -35da03 - -3?
-35da00
In base 12, what is -11 + b86b?
b85a
In base 3, what is 2202 + 1012220101?
1020000010
In base 4, what is 213131 + -1?
213130
In base 4, what is -20 - -121321?
121301
In base 6, what is -1023 - 2414?
-3441
In base 2, what is -11010001001001 + 100110?
-11010000100011
In base 14, what is -2 - 89c4b?
-89c4d
In base 2, what is 110011000101 + 10000?
110011010101
In base 4, what is -2131220 + -11?
-2131231
In base 9, what is -847486 + -4?
-847501
In base 13, what is ab66 + -b4?
aa82
In base 9, what is -1 - -237?
236
In base 15, what is -1 + -13bd?
-13be
In base 14, what is 639b11 - 0?
639b11
In base 12, what is -2847958 + -1?
-2847959
In base 4, what is -230 - 21230?
-22120
In base 10, what is 360516 - -22?
360538
In base 4, what is 1 - 1102302112?
-1102302111
In base 7, what is -52 - 20603?
-20655
In base 9, what is -350 - 472?
-832
In base 5, what is 1123042 - 1202?
1121340
In base 3, what is -1 - 1111102011121?
-1111102011122
In base 14, what is -2632 + 3?
-262d
In base 2, what is 1001001111 - -11000?
1001100111
In base 12, what is -4 + -54b539?
-54b541
In base 9, what is 2520 - 624?
1785
In base 11, what is -1112 - -90?
-1032
In base 5, what is 134041 - 2204?
131332
In base 7, what is 1113412 - 4?
1113405
In base 13, what is 208ba - -4?
208c1
In base 13, what is 4 + a58c5?
a58c9
In base 10, what is 137 - 13478?
-13341
In base 13, what is 29 + 3939?
3965
In base 11, what is 939 + -50?
899
In base 15, what is -19b56 - 1?
-19b57
In base 9, what is 6204 - -213?
6417
In base 11, what is -7769 - -20?
-7749
In base 11, what is 2 - 14a940?
-14a939
In base 13, what is -4 + 91b34?
91b30
In base 9, what is -15 - -10543?
10527
In base 5, what is -323 + -100?
-423
In base 13, what is -1 + -110b?
-110c
In base 3, what is 100021 + -1011212?
-211121
In base 9, what is -11203030 - 2?
-11203032
In base 2, what is -11100 + 11100?
0
In base 7, what is -1 + 5636541?
5636540
In base 16, what is -8 - -47ebf?
47eb7
In base 4, what is 10 - -331331?
332001
In base 14, what is 1661 - 7?
1658
In base 6, what is 2401 + 54?
2455
In base 8, what is 3 + 151657?
151662
In base 11, what is -5 - -937?
932
In base 7, what is -66 - -202240?
202141
In base 14, what is c - 3d55?
-3d47
In base 14, what is ad9 + 14?
b0d
In base 16, what is -1ba - -1d?
-19d
In base 4, what is 22021332 - 10?
22021322
In base 2, what is 10010110101110 + 0?
10010110101110
In base 6, what is -31535052 + 4?
-31535044
In base 14, what is 26a + -a?
260
In base 15, what is -7d + 66?
-17
In base 11, what is -4 + 1073?
106a
In base 3, what is -12 - 1121020011?
-1121020100
In base 9, what is -54637 - 4?
-54642
In base 9, what is 113 + 7604?
7717
In base 16, what is -9799 - -d?
-978c
In base 15, what is 353d + -7?
3536
In base 4, what is 1 + 10020121?
10020122
In base 16, what is 24b + -426?
-1db
In base 2, what is 100 - 10100000111010?
-10100000110110
In base 10, what is 40 + -48427?
-48387
In base 14, what is -ab31a9 + 3?
-ab31a6
In base 10, what is -64645 - 3?
-64648
In base 15, what is 15 - -1523?
1538
In base 8, what is -470 - -6?
-462
In base 2, what is 10 - -1011100101100?
1011100101110
In base 5, what is 3 - 2142212?
-2142204
In base 15, what is -2 + -6646?
-6648
In base 2, what is 11101000111001111 + 11?
11101000111010010
In base 4, what is 1 - -10123011?
10123012
In base 10, what is 4 - -79115?
79119
In base 6, what is -21 - -101422?
101401
In base 14, what is 173 + -8b5?
-742
In base 9, what is 11 - 1160?
-1148
In base 14, what is 1b8a + 3?
1b8d
In base 6, what is -1134 + -22431?
-24005
In base 13, what is -9 - 209c?
-20a8
In base 3, what is -1012010 - 212020?
-2001100
In base 12, what is 21154 - -6?
2115a
In base 3, what is -100001001210 + -120?
-100001002100
In base 9, what is 0 - -2321585?
2321585
In base 16, what is 73 - -1063?
10d6
In base 15, what is 3a2 + -144?
25d
In base 5, what is -124 + -310331?
-311010
In base 11, what is 0 - -28803?
28803
In base 3, what is -112001010102100 + 1?
-112001010102022
In base 11, what is -716 + 24a9?
1893
In base 13, what is 1 + -14c5?
-14c4
In base 7, what is 220566 - -5?
220604
In base 13, what is -3 - a873?
-a876
In base 15, what is -9b80d + -5?
-9b813
In base 10, what is -143870 + 6?
-143864
In base 8, what is 2 - 2544327?
-2544325
In base 3, what is -202122002 + -120?
-202122122
In base 14, what is -6122 - -5?
-611b
In base 7, what is 3 + -122603?
-122600
In base 7, what is 536 - 414?
122
In base 6, what is 33352 - 131?
33221
In base 5, what is -3020422 + 3?
-3020414
In base 8, what is 246407 - -4?
246413
In base 12, what is -347854 + 7?
-347849
In base 16, what is 3 - -e3a?
e3d
In base 15, what is -1604 + -58?
-165c
In base 12, what is -13 - 5b6a6?
-5b6b9
In base 3, what is 122211 + -200210?
-222
In base 6, what is -1 - -2230513?
2230512
In base 12, what is -4 + -2405?
-2409
In base 12, what is ba4 + 14?
bb8
In base 7, what is 12346 + 4?
12353
In base 7, what is 2211 - -2105?
4316
In base 14, what is 85 + 144?
1c9
In base 14, what is 5bd3 + 14?
5c07
In base 13, what is c59 - 9?
c50
In base 2, what is -100110101111111 + -11?
-100110110000010
In base 13, what is 112 + 25?
137
In base 15, what is -805 - 4?
-809
In base 10, what is -6307 - -3?
-6304
In base 4, what is -122303022 - 11?
-122303033
In base 11, what is -69 + -248?
-306
In base 3, what is 120200000120 - 2?
120200000111
In base 3, what is 20122 - 201111?
-110212
In base 14, what is 570 + -486?
c8
In base 9, what is -167 - 10036?
-10214
In base 4, what is -1313012 - -22?
-1312330
In base 12, what is 398126 - 2?
398124
In base 12, what is -5a5 + -41?
-626
In base 4, what is -100312023 + -20?
-100312103
In base 7, what is 46 + 24313?
24362
In base 5, what is -1121110213 + 2?
-1121110211
In base 16, what is -7cad + -4?
-7cb1
In base 11, what is a + -22831?
-22822
In base 6, what is -3050 + -2012?
-5102
In base 7, what is -260331 - 2?
-260333
In base 3, what is 120011 - -2002?
122020
In base 14, what is 63602 - 1?
63601
In base 8, what is -14 + -1262?
-1276
In base 4, what is 1 + 1022133?
1022200
In base 14, what is 5 + -197356?
-197351
In base 15, what is -4 + -4828?
-482c
In base 3, what is -20 - 1210021?
-1210111
In base 10, what is 876 - 4?
872
In base 7, what is 562656 - -20?
563006
In base 10, what is 52642 - -8?
52650
In base 8, what is 132713 - -3?
132716
In base 5